se 11, what is -3 + 39?
36
In base 5, what is 300 + -3?
242
In base 16, what is 3 + -10a?
-107
In base 12, what is -32 + 5?
-29
In base 8, what is -2 - 244?
-246
In base 14, what is -18b8 + 5?
-18b3
In base 12, what is 23 - -a?
31
In base 12, what is 8 + b?
17
In base 7, what is -4055 - -6?
-4046
In base 2, what is 101 - 10001?
-1100
In base 3, what is -21022 + -12?
-21111
In base 3, what is -222 + -2010?
-10002
In base 15, what is 41 - 1b?
25
In base 5, what is -12 - 10?
-22
In base 3, what is -12 - -12001?
11212
In base 13, what is 20 + 19?
39
In base 10, what is 2 + 190?
192
In base 5, what is -202223 - -2?
-202221
In base 5, what is 312 - 240?
22
In base 10, what is -1283 + -5?
-1288
In base 6, what is -23 + 12?
-11
In base 4, what is -3300 - 2?
-3302
In base 7, what is -51 - -12?
-36
In base 13, what is -1 + 7?
6
In base 8, what is 0 + -53?
-53
In base 15, what is 343d + -2?
343b
In base 13, what is -2 + a7?
a5
In base 6, what is -45 - 44?
-133
In base 5, what is 24 + -4?
20
In base 6, what is -4 + 15311?
15303
In base 5, what is -440 + 12?
-423
In base 12, what is -2336 + 5?
-2331
In base 14, what is -90c - -5?
-907
In base 2, what is 10000110001010 + 1?
10000110001011
In base 14, what is -b - 70?
-7b
In base 12, what is 8 - 50?
-44
In base 16, what is 2 + 33?
35
In base 16, what is -2667 - -4?
-2663
In base 13, what is -3 - -ca1?
c9b
In base 3, what is 1212201 + 11?
1212212
In base 8, what is -7 + -224?
-233
In base 12, what is 6 - -bb3?
bb9
In base 15, what is -35 + 0?
-35
In base 11, what is -2 + -36?
-38
In base 9, what is 685 - 2?
683
In base 3, what is -1012122112 - -11?
-1012122101
In base 14, what is -1237 + 2?
-1235
In base 3, what is 120122 - 20?
120102
In base 9, what is -7 + -38?
-46
In base 6, what is -1201 - -211?
-550
In base 11, what is 26 - 793?
-768
In base 6, what is -4 - -1005?
1001
In base 2, what is 11011011 - -1111001?
101010100
In base 4, what is -23 - -33?
10
In base 4, what is -3023312 - 10?
-3023322
In base 16, what is -2c + 21?
-b
In base 12, what is -207 - 4?
-20b
In base 8, what is -12 + 40?
26
In base 16, what is -121 + 7?
-11a
In base 10, what is 71 + -4?
67
In base 10, what is -81 - 11?
-92
In base 16, what is -10 + 1a?
a
In base 2, what is 10 - -110110?
111000
In base 13, what is 23 - -8?
2b
In base 11, what is 1 + 303a?
3040
In base 8, what is -17 + -16?
-35
In base 8, what is -15 - -106?
71
In base 13, what is -158 + 0?
-158
In base 9, what is 6 + 25?
32
In base 12, what is -718 + 4?
-714
In base 14, what is 37 + 11?
48
In base 14, what is 218 + -5?
213
In base 2, what is 10010111110 - -1101?
10011001011
In base 2, what is 10000000 - -1?
10000001
In base 15, what is 2 + -19?
-17
In base 5, what is 10 - -104?
114
In base 13, what is 2 + -26?
-24
In base 5, what is 3 + 4221?
4224
In base 12, what is -6 - -69?
63
In base 11, what is 409 - 0?
409
In base 5, what is -1 - -21430?
21424
In base 12, what is -42 + -10?
-52
In base 5, what is -44 + 1203?
1104
In base 11, what is 4a + -39?
11
In base 6, what is -1334 + 20?
-1314
In base 10, what is 3 - -142?
145
In base 9, what is 1253 + 1?
1254
In base 13, what is -a1 - -4?
-9a
In base 7, what is 1213 + -26?
1154
In base 15, what is 20 + -29?
-9
In base 15, what is -5 + -3d6?
-3db
In base 3, what is 2 - -1022121?
1022200
In base 9, what is 3 + -1636?
-1633
In base 6, what is -25 - 2415?
-2444
In base 7, what is -5 + 231?
223
In base 16, what is -3f + -16?
-55
In base 15, what is -796d + -3?
-7971
In base 12, what is -b2 - -9?
-a5
In base 7, what is -15 + -23?
-41
In base 6, what is -2031 + -10?
-2041
In base 11, what is 4 - 694?
-690
In base 14, what is 854 + -5?
84d
In base 10, what is -1853 + 5?
-1848
In base 2, what is 101111100 - -101?
110000001
In base 15, what is -3 - c?
-10
In base 6, what is -3 + -5545?
-5552
In base 11, what is 39 + 1?
3a
In base 4, what is 222010 - 11?
221333
In base 15, what is -21 - a1?
-c2
In base 6, what is 224 - 2?
222
In base 14, what is 4 - -1?
5
In base 10, what is -3 + 496?
493
In base 9, what is 1 + 1736?
1737
In base 14, what is 3 + 19?
1c
In base 12, what is -23 + -8?
-2b
In base 4, what is 2003 - 10?
1333
In base 3, what is 20001100 + 2?
20001102
In base 9, what is 145 + 30?
175
In base 5, what is 1000 - 13?
432
In base 12, what is -a3 + 14?
-8b
In base 3, what is -2 + 122222?
122220
In base 5, what is 10004 + 13?
10022
In base 15, what is -9 + -32?
-3b
In base 7, what is -3 - 120?
-123
In base 12, what is 433 + 8?
43b
In base 10, what is 3 + -55?
-52
In base 8, what is 440 - 3?
435
In base 11, what is 12 + 211?
223
In base 2, what is -101 + 111000000?
110111011
In base 14, what is -3 + 1128?
1125
In base 7, what is 203 - -2?
205
In base 12, what is -6 - 536?
-540
In base 3, what is -12202211 - 10?
-12202221
In base 2, what is 1010 - 10110001101?
-10110000011
In base 16, what is 7e + -8?
76
In base 7, what is 666 + -4?
662
In base 4, what is 2002 + -223?
1113
In base 14, what is -34 - 343?
-377
In base 13, what is 1 + -b1?
-b0
In base 11, what is 244 + 4?
248
In base 8, what is -3 + -165?
-170
In base 7, what is -144 + 112?
-32
In base 4, what is -120320 + 10?
-120310
In base 16, what is 0 - 45?
-45
In base 13, what is 4 + -493?
-48c
In base 2, what is -11000 + -1011100?
-1110100
In base 14, what is 24 + -12?
12
In base 8, what is 5 - -32?
37
In base 5, what is -24 - 1442?
-2021
In base 5, what is 10143 + 10?
10203
In base 9, what is -14 + -10?
-24
In base 11, what is 4 + 67a?
683
In base 7, what is 25 - -14?
42
In base 5, what is -1032 + 3?
-1024
In base 16, what is 0 + -23be?
-23be
In base 7, what is 24 + -233?
-206
In base 11, what is 1 + -49?
-48
In base 15, what is 3 + -87?
-84
In base 2, what is 1100010 - -1101?
1101111
In base 8, what is 4 - -7510?
7514
In base 5, what is -12 - 243?
-310
In base 16, what is 21f1 - 5?
21ec
In base 2, what is 100 + 110001?
110101
In base 12, what is -2 - -a?
8
In base 8, what is 0 - -23?
23
In base 6, what is -5 + -1142?
-1151
In base 3, what is 12 + -1002010?
-1001221
In base 16, what is -17f0 + 3?
-17ed
In base 15, what is 3 - 9?
-6
In base 4, what is -112 + -2310?
-3022
In base 6, what is -1 + -13511?
-13512
In base 14, what is 303c - -1?
303d
In base 2, what is 1100011 - -10110?
1111001
In base 5, what is -3 - -104?
101
In base 10, what is 6 - 101?
-95
In base 11, what is -4 - -53?
4a
In base 2, what is 110111 + 1010?
1000001
In base 13, what is -30 - -5?
-28
In base 5, what is 223 - 1004?
-231
In base 3, what is 1211 - 100?
1111
In base 2, what is 1011100100001 + 100?
1011100100101
In base 7, what is -133 - 13?
-146
In base 4, what is 13 + -2202?
-2123
In base 14, what is -22 + -49?
-6b
In base 2, what is 0 - 110100110010?
-110100110010
In base 9, what is 0 - 6?
-6
In base 4, what is 1 - -30010?
30011
In base 11, what is -2483 - 0?
-2483
In base 8, what is -73 + 63?
-10
In base 4, what is 121 + 100?
221
In base 10, what is -1129 + -8?
-1137
In base 4, what is 0 + 3102?
3102
In base 10, what is -685 - 3?
-688
In base 8, what is 122 - 5?
115
In base 15, what is -14 + aa?
96
In base 5, what is 1 + -102?
-101
In base 7, what is -2 - -240?
235
In base 14, what is 50 + 2?
52
In base 6, what is 14002 + 3?
14005
In base 3, what is 0 + -10120?
-10120
In base 6, what is -242 + 515?
233
In base 14, what is 5d - 0?
5d
In base 7, what is 600 + -5?
562
In base 8, what is -67 - 34?
-123
In base 6, what is 52 + -1?
51
In base 11, what is 51 + 66?
107
In base 2, what is -10 + 10111110111?
10111110101
In base 15, what is 1d - -15?
33
In base 6, what is -4 + 44?
40
In base 2, what is 11 - 10111?
-10100
In base 15, what is -9d2 - -2?
-9d0
In base 13, what is 2 + -25?
-23
In base 5, what is -42 - -2213?
2121
In base 6, what is -3 + 52?
45
In base 14, what is -3 - 63?
-66
In base 16, what is -18 + -4?
-1c
In base 16, what is -11 + 52?
41
In base 16, what is -1 + 53a?
539
In base 16, what is 6 - 4?
2
In base 13, what is 4 - -42?
46
In base 12, what is 21 - 3?
1a
In base 12, what is -b1 - -43?
-6a
In base 9, what is 2845 + -5?
2840
In base 9, what is 3 - -1247?
1251
In base 2, what is 1001001 + -11?
1000110
In base 3, what is 100 - 1201?
-1101
In base 6, what is 30 + 4?
34
In base 11, what is 487 - 6?
481
In base 3, what is -1122200120 + 11?
-1122200102
In base 5, what is -3040 + 0?
-3040
In base 1